the highest common factor of 24 and i?
3
Suppose -26 = -4*p + 182. Suppose 3*b - p = -b. Let w = 96 + -83. Calculate the highest common factor of b and w.
13
Let d = 109 - 100. Let b(k) = 2*k**2 + 8*k - 10. Let p be b(-8). Calculate the greatest common factor of p and d.
9
Let x(j) = -j**2 + 30*j - 59. Let a be x(17). Calculate the highest common divisor of a and 18.
18
Let q = -40 + 74. Let s be -24*(q/(-8) + 3). What is the greatest common divisor of 6 and s?
6
Let o be (-6)/(-1 - (-1)/(-1)). Suppose c + 59 = o*a + 1, -5*c = 3*a - 88. What is the highest common divisor of 126 and a?
21
Let x = -1 - -5. Suppose -5*w = -2*i - 1054, 7*w = x*w - 4*i + 622. Suppose -g + w = 4*g. What is the greatest common divisor of 28 and g?
14
Let y = 53 - 35. Let p(i) = -4*i - 45. Let k be p(-12). Calculate the highest common factor of k and y.
3
Let n(i) = -i**3 + 8*i**2 - 7*i + 2. Let t be n(6). Calculate the highest common factor of t and 80.
16
Let k be 5 + -2 + (-1615)/(-19). What is the greatest common divisor of 132 and k?
44
Let i(t) = t + 55. Let f be i(-10). What is the highest common factor of 9 and f?
9
Suppose 2 - 8 = -3*f. Suppose 2*i - f*g + 0*g - 14 = 0, 17 = 2*i - g. Suppose 0 = 2*d, -4*r - 3*d = d - 4. Calculate the greatest common factor of r and i.
1
Let w = -11 + 18. Suppose 0*t = -5*t - 5*v + 65, -3*v = -4*t + 59. Calculate the highest common factor of w and t.
7
Suppose -f - 2*c + 228 = 3*f, 3*f = 2*c + 157. Suppose -4*b + 4 = -16. Let s = b + 0. Calculate the greatest common divisor of s and f.
5
Let t be ((-528)/(-36))/((-4)/(-6)). Calculate the highest common factor of t and 242.
22
Suppose -26 = -5*w + 3*w. Suppose -w = -4*t + 71. Calculate the highest common factor of 3 and t.
3
Suppose v + 5 = 4. Let w be (-12 + -1)*v + -2. Calculate the highest common divisor of 77 and w.
11
Suppose 0*n = 4*n - 56. Let h be (18/15)/(1/10). Let q = h - -2. Calculate the highest common factor of n and q.
14
Let b(x) = x**3 + 5*x**2 - 3*x + 1. Let t be b(-4). What is the highest common divisor of t and 319?
29
Suppose -5*o + 152 = 27. Suppose 107 - 17 = 9*g. What is the highest common factor of o and g?
5
Let j(n) = 3*n**3 - 4*n**2 + 2*n - 1. Let l be j(3). Suppose i + l = 6*i. Suppose 0*z = z - i. What is the highest common divisor of 25 and z?
5
Let b = -6 - -8. Suppose 0 = -i + 7 - 4. Suppose 5*o + h - 28 - 45 = 0, -i*h = -9. Calculate the highest common divisor of o and b.
2
Suppose 0 = -4*d - 5*o + 9, 4*d - 2*o = 6*d - 6. Let r be 0/(-12) - (-2)/1. Calculate the greatest common divisor of r and d.
2
Suppose -3*a = -5*j - 5 + 50, 4*a = 2*j - 32. Let o be (-20)/(-5) + -1 + 45. Calculate the greatest common divisor of o and j.
6
Suppose 5*m - 3094 = -8*m. Calculate the highest common divisor of 34 and m.
34
Let q be (78/(-5))/(15/(-100)). Suppose h + 2*h - 9 = 0. Suppose -2*k + 43 = -h*s + 1, 4*k = -4*s + q. Calculate the highest common divisor of k and 6.
6
Let g = 16 + -2. What is the greatest common divisor of g and 98?
14
Let a be (2 - 1)/(2/48). What is the greatest common divisor of a and 96?
24
Suppose -3*t - 2*t - 5 = 0. Let q = -33 + 17. Let z = t - q. Calculate the greatest common divisor of z and 60.
15
Suppose -5*z + 25 = 5*f, 3 - 7 = -2*f. Suppose z*c = 388 + 11. Calculate the highest common factor of 19 and c.
19
Let h(a) = a**3 - 6*a**2 + 5*a + 5. Let x be h(5). Let y = x - -1. Let b be -27*(-2 - 16/(-12)). What is the greatest common divisor of y and b?
6
Suppose -x + 3*u - 7*u + 8 = 0, 5*x + 3*u = -28. Let k be x/(-6) + 2/3. Calculate the highest common divisor of 3 and k.
1
Let f = 37 + -22. What is the highest common factor of 75 and f?
15
Let a(f) = f + 15. Let b be a(-13). Calculate the highest common factor of b and 22.
2
Let w(o) = o + 80. Let r be w(-20). Calculate the highest common factor of r and 36.
12
Let q(a) = 10*a**2 + 2*a + a**3 - 15*a**2 + 0 - 3 - 7*a. Let r = -10 + 16. Let n be q(r). What is the highest common divisor of 2 and n?
1
Let j be (-14)/(-2 + 38/20). Let f(k) = k**2 + 5*k. Let p be 3/(-1)*2 + -1. Let c be f(p). Calculate the highest common factor of c and j.
14
Suppose -2*t + 5*j - 95 = 0, 4*t + 0*t = -5*j - 235. Let v = t + 207. Calculate the greatest common factor of v and 19.
19
Let g = 92 - -60. What is the greatest common divisor of 19 and g?
19
Let v(q) = 6*q**2 + q + 4. Let j be (-10 - -2)*1/2. Let d = 8 + j. Let i be v(d). What is the greatest common factor of 13 and i?
13
Let h(i) = -82*i + 5. Let w be h(-4). Suppose 2*k - 67 - w = 0. What is the highest common factor of k and 25?
25
Let o(p) = -13*p + 11*p + 2 + 0 + 0. Let n = -16 - -10. Let t be o(n). Calculate the greatest common factor of t and 70.
14
Suppose -21*h + 59 + 67 = 0. Suppose -2*f = -5*f - 4*k + 8, 5*f + k = -15. Let l be f/1*21/(-2). Calculate the greatest common factor of h and l.
6
Let l(r) = -r**3 + 5*r**2 + 4*r + 8. Let f be l(6). Let x(o) = -15*o - 6. Let v be x(f). Calculate the greatest common factor of v and 6.
6
Suppose 4*d + 4 = 2*d. Let j be (0 - -3) + 0/d. What is the greatest common divisor of 3 and j?
3
Suppose 5*k - 122 = -62. Calculate the highest common factor of 4 and k.
4
Let a(s) = 13*s**2 - 5*s - 4. Let b be a(-1). What is the greatest common factor of 2 and b?
2
Let b(x) = 2*x - 4. Let u be 2/(-4) + 19/2. Let q be b(u). What is the greatest common divisor of 7 and q?
7
Suppose 5*d - 5*i - 20 = 0, i - 11 = -3*d + 3*i. Suppose -d*l + 2 + 4 = 0. Calculate the highest common factor of l and 4.
2
Suppose 5*r + 5*d + 8 = 3, 8 = -2*r - 4*d. What is the highest common factor of 14 and r?
2
Let w = -2 - -8. Let u = w - 3. Suppose 0 = 3*z - c - 10, 3*c = -0*z - u*z + 30. Calculate the highest common divisor of 55 and z.
5
Let j be 2/11 - 12078/(-121). Calculate the greatest common factor of j and 40.
20
Let v be (-24)/(-20)*(-10)/(-4). Let u be (v - -1)*5*2. Calculate the highest common factor of u and 8.
8
Suppose 2*v - 5*r - 30 = 0, 3*v = 4*r + 7 + 24. Calculate the highest common factor of v and 85.
5
Let u(l) = -l**3 + 11*l**2 + 10. Let p(j) = j**2 + 9*j + 19. Let h be p(-8). Let m be u(h). Calculate the highest common divisor of 40 and m.
10
Suppose -60 = -9*u + 5*u. Calculate the greatest common factor of u and 45.
15
Suppose 4 = -v - 1. Let b(y) = -2*y**3 - 5*y**2 + 2*y. Let h be b(v). Calculate the greatest common divisor of h and 23.
23
Suppose 1 + 5 = 3*l. Let y be 1/l*1*6. Let q be 0 - 8/(-3)*y. Calculate the greatest common factor of q and 48.
8
Suppose -12*x - 110 = -17*x. Calculate the greatest common divisor of x and 2.
2
Let q = -34 - -24. Let d = q - -5. Let b be (2 + -3)*1*d. What is the greatest common divisor of b and 5?
5
Let w be 3220/49 + (-4)/(-14). What is the highest common divisor of w and 6?
6
Let l be (87 + (1 - 8))*(-4)/(-10). What is the highest common factor of l and 4?
4
Let j(h) = 2*h**3 - 4*h**2 + 7*h + 8. Let t be j(4). Suppose -2*m + 2*i = -22, 5*m = 2*m + 2*i + 32. What is the highest common factor of t and m?
10
Let q be 1 + (0 - 4) + 7. Suppose q*b = b + 3. What is the highest common factor of b and 3?
1
Let d = -117 - -195. Calculate the highest common factor of d and 52.
26
Suppose 0 = -4*i + 2*y + 12, -i + 3*i = -5*y - 6. Calculate the greatest common divisor of i and 10.
2
Let a be 2*(-2)/(-4) + 2. Let z be 593/4 + 4/(-16). Suppose -5*u + 192 = -a*s, 2*u + 2*u = s + z. Calculate the greatest common divisor of u and 6.
6
Let p be (-4)/24 + (-39)/(-18). Let r be 12/18 - p/(-6). Calculate the greatest common factor of 9 and r.
1
Suppose -j + 60 = 4*k + k, -k = 5*j - 324. Let v = -4 - -7. Suppose 0 = v*n + n - 104. What is the greatest common factor of j and n?
13
Suppose -263 = -2*g + 25. What is the highest common factor of g and 18?
18
Let q be (-2)/(-3)*(-36)/(-3). Let s(g) = 2*g**3 - 7*g**2 + 6*g. Let r = 11 + -7. Let d be s(r). Calculate the greatest common divisor of q and d.
8
Suppose j - b = 6, 3*j + 3 - 22 = 4*b. Suppose s - 6 = -3*g, j*s = -0*g - 2*g + 56. What is the greatest common divisor of 36 and s?
12
Let y be -30*((-2)/4 - (-344)/(-80)). Calculate the highest common divisor of y and 18.
18
Let a be 5 + -4 + 16 + 2. What is the highest common factor of a and 95?
19
Suppose 5*u - 10 = m + 26, 0 = -u + m + 8. Suppose -4*y + n = -82, -5*y - 4*n = -89 - 24. W